mber?
True
Is 2617379 a composite number?
False
Is 4751645 prime?
False
Is 538751971 a composite number?
False
Is 9724993 a prime number?
True
Is 10044049 a prime number?
False
Is 157475023 a prime number?
True
Is 200468731 prime?
False
Is 18115871 a composite number?
False
Is 148248167 a composite number?
False
Is 250919 a prime number?
True
Is 246271 a prime number?
True
Is 9920771 a composite number?
True
Is 159649 prime?
False
Is 456421673 a composite number?
True
Is 28064831 prime?
False
Is 104361109 a composite number?
False
Is 2711383 composite?
True
Is 298236431 a composite number?
False
Is 1421242 a composite number?
True
Is 28732931 prime?
True
Is 12487889 a prime number?
True
Is 170927473 composite?
False
Is 67633439 a composite number?
False
Is 536701043 a composite number?
False
Is 45267149 a composite number?
False
Is 4386349 a prime number?
False
Is 9397559 prime?
True
Is 48335059 prime?
True
Is 7010863 composite?
False
Is 43760533 composite?
True
Is 4477009 a prime number?
False
Is 598613 a composite number?
False
Is 58085 composite?
True
Is 2714201 a composite number?
True
Is 616295 a prime number?
False
Is 2608157 composite?
True
Is 4316363 composite?
True
Is 6908597 composite?
False
Is 94822849 composite?
True
Is 379164553 a prime number?
True
Is 32682571 composite?
False
Is 165297994 prime?
False
Is 226846441 composite?
False
Is 7735807 a composite number?
False
Is 2470562 composite?
True
Is 1211381 composite?
False
Is 2667421 prime?
False
Is 2388107 prime?
False
Is 690367 composite?
False
Is 9015247 composite?
True
Is 66904501 prime?
True
Is 6014053 a composite number?
False
Is 53554361 composite?
True
Is 19451827 a prime number?
False
Is 4046641 a composite number?
True
Is 3949243 prime?
False
Is 3318053 prime?
True
Is 241951 a prime number?
True
Is 474739 a composite number?
True
Is 2726621 prime?
False
Is 4831577 prime?
True
Is 6087189 prime?
False
Is 99270217 a prime number?
True
Is 8942569 prime?
True
Is 61401785 composite?
True
Is 968551 prime?
False
Is 354869 composite?
False
Is 3353 a composite number?
True
Is 15081431 a prime number?
False
Is 6886353 prime?
False
Is 5741009 prime?
False
Is 8125867 composite?
False
Is 418050361 composite?
False
Is 67423397 composite?
False
Is 30386527 composite?
False
Is 91631283 a prime number?
False
Is 214873481 composite?
True
Is 20405641 a composite number?
False
Is 4221864151 a composite number?
False
Is 199713187 composite?
False
Is 1089281 a prime number?
False
Is 4954793 composite?
False
Is 140937007 a prime number?
True
Is 2389241 prime?
True
Is 739909 a prime number?
True
Is 303833993 a prime number?
True
Is 1646443 a composite number?
False
Is 47078263 a prime number?
False
Is 3678997 a composite number?
True
Is 4715537 composite?
True
Is 632015683 a composite number?
True
Is 6230285 a composite number?
True
Is 4730573 composite?
True
Is 51822622 composite?
True
Is 1001434957 a prime number?
False
Is 264253747 prime?
True
Is 30925121 prime?
True
Is 13001 a composite number?
False
Is 699353 composite?
True
Is 24451591 composite?
True
Is 22609214 a composite number?
True
Is 22501067 a composite number?
False
Is 38321609 composite?
True
Is 2671589 a composite number?
False
Is 837007 composite?
True
Is 1375337 a prime number?
True
Is 7666283 a prime number?
False
Is 6930769 prime?
True
Is 138229103 a composite number?
True
Is 3207221 a composite number?
False
Is 3424727 composite?
False
Is 19261747 composite?
True
Is 67574053 composite?
False
Is 5439191 prime?
True
Is 15452006 a prime number?
False
Is 5395627 prime?
False
Is 2711521 a composite number?
False
Is 8412431 composite?
True
Is 282505 a composite number?
True
Is 3307933 prime?
False
Is 10856071 a prime number?
True
Is 13590427 a composite number?
False
Is 2868323 prime?
True
Is 12120989 prime?
True
Is 58545217 a composite number?
True
Is 71290397 a composite number?
False
Is 671435 composite?
True
Is 17835527 a composite number?
False
Is 5955319 prime?
False
Is 70640093 prime?
True
Is 56843 a prime number?
True
Is 2139439 composite?
True
Is 2941555 prime?
False
Is 24688409 prime?
False
Is 6692383 prime?
True
Is 22622723 composite?
False
Is 2719687 prime?
False
Is 4557117 a prime number?
False
Is 116602597 prime?
False
Is 11635849 a prime number?
True
Is 44711201 composite?
False
Is 40777409 a composite number?
False
Is 48736685 composite?
True
Is 79224793 a prime number?
True
Is 855917 a composite number?
True
Is 38191319 composite?
True
Is 2913541 prime?
True
Is 5732297 a composite number?
False
Is 3847283 a prime number?
False
Is 785631307 prime?
True
Is 2437847 a composite number?
False
Is 3228341 prime?
True
Is 35327959 prime?
True
Is 45064051 a composite number?
False
Is 12672007 a composite number?
False
Is 40319 a composite number?
True
Is 961241 composite?
False
Is 244644821 prime?
True
Is 31795307 a composite number?
False
Is 32360695 a prime number?
False
Is 2033663 composite?
True
Is 443637799 a prime number?
False
Is 53759 a composite number?
False
Is 35095409 prime?
True
Is 17926967 a composite number?
True
Is 180822893 prime?
True
Is 2135963 composite?
True
Is 1597669 a prime number?
False
Is 17544691 composite?
True
Is 16368805 composite?
True
Is 15539707 composite?
False
Is 21144637 prime?
False
Is 55950241 a composite number?
False
Is 1819897 a composite number?
True
Is 181824323 composite?
False
Is 3251093 a prime number?
True
Is 237401 composite?
False
Is 454907 prime?
True
Is 2842261 prime?
False
Is 3230863 prime?
False
Is 227663 a composite number?
False
Is 437957779 a composite number?
True
Is 6273655 composite?
True
Is 142578103 composite?
False
Is 2660101 a prime number?
False
Is 1049401 a composite number?
True
Is 144934171 prime?
False
Is 220230091 composite?
False
Is 252401 a prime number?
True
Is 275533 a composite number?
True
Is 91413869 composite?
True
Is 528053 a prime number?
True
Is 7169 a prime number?
False
Is 8130497 composite?
True
Is 307159609 composite?
False
Is 15039689 a prime number?
False
Is 2122979 a composite number?
False
Is 29397193 composite?
True
Is 1077179 a prime number?
True
Is 1144327 prime?
True
Is 232244629 a composite number?
True
Is 11764823 composite?
True
Is 194456021 composite?
False
Is 9231037 prime?
False
Is 11318267 a prime number?
True
Is 604699289 a composite number?
True
Is 175811 a prime number?
True
Is 142074719 a composite number?
False
Is 357377 prime?
True
Is 8258441 prime?
True
Is 847225129 a composite number?
False
Is 9842894 composite?
True
Is 22849861 a composite number?
True
Is 32061641 a composite number?
False
Is 2324731 prime?
True
Is 179531047 prime?
True
Is 1054133 a prime number?
True
Is 2259118 a composite number?
True
Is 17622313 composite?
False
Is 27137371 prime?
False
Is 52625843 a prime number?
False
Is 194902499 composite?
True
Is 1609646 prime?
False
Is 45684179 a composite number?
False
Is 1166921 prime?
False
Is 6815163 a prime number?
False
Is 31232989 composite?
False
Is 1247297093 composite?
True
Is 89203339 composite?
True
Is 1356769 a composite number?
True
Is 7881487 a composite number?
False
Is 2441857 prime?
False
Is 69727873 prime?
True
Is 37189799 prime?
True
Is 57953473 a composite number?
False
Is 1340021 a prime number?
True
Is 20546657 composite?
True
Is 196530287 prime?
True
Is 1517891 a prime number?
False
Is 183508629 prime?
False
Is 28233377 a composite number?
True
Is 2339741 composite?
False
Is 55255601 composite?
False
Is 23931497 a composite number?
True
Is 2744387 a prime number?
False
Is 5687281 prime?
False
Is 761903 composite?
True
Is 7807741 prime?
False
Is 11238841 a composite number?
False
Is 17969361 prime?
False
Is 9152651 a prime number?
False
Is 58250623 a prime number?
True
Is 61195703 a prime number?
True
Is 8761669 a composite number?
True
Is 1786474 a composite number?
True
Is 625397 prime?
True
Is 275493529 composite?
True
Is 25898713 a composite number?
True
Is 915119 a prime number?
False
Is 2857661 composite?
False
Is 14628287 a composite number?
False
Is 77176877 prime?
False
Is 57074809 a composite number?
True
Is 1681377 prime?
False
Is 4093129 a composite number?
False
Is 710659 a prime number?
False
Is 782107 composite?
False
Is 52565147 prime?
False
Is 243649361 prime?
Tru